atest common factor of 8 and f?
4
Suppose 2 = h - 1. Suppose 4*l + h*c + 7 = 0, l + 8 = -3*c + c. Calculate the highest common divisor of l and 9.
1
Let u be (-1)/4 + (-15)/4 + 193. Let x be 2*-1 + -4 + 27. What is the greatest common factor of x and u?
21
Let a(n) = 20*n - 1692. Let c be a(85). Let f(l) = 3*l**2 + l. Let r be f(1). What is the greatest common factor of c and r?
4
Let d be 85/10 - 3*(-3)/(-18). Let y be 2*d - (-10 + 6). What is the greatest common divisor of y and 5?
5
Let b = -244 - -266. Let k(p) = 198*p**2. Let g be k(-1). What is the highest common divisor of g and b?
22
Suppose -99 = 7*w - 4*w. Let v = 19 - w. What is the greatest common factor of 104 and v?
52
Suppose 34*d - 10371 = -8229. Let h(q) = q**2 + 2*q + 6. Let j be h(-5). What is the greatest common factor of d and j?
21
Suppose -11*i - 19*i = -1500. What is the greatest common divisor of i and 325?
25
Suppose 3*v + 3*q - 15 = -2*v, -4*v - 2*q = -12. What is the highest common factor of 111 and v?
3
Suppose 382 - 140 = 2*b. Let g(p) = -p**3 - 15*p**2 - 16*p - 17. Let c be g(-14). Suppose c = -2*t + 3*t. Calculate the highest common divisor of t and b.
11
Let n be 636/2 - (4 - 1). Suppose -65 + n = 2*w. Calculate the greatest common factor of w and 25.
25
Suppose z - 2*j + 4 = -z, 0 = -5*z + 3*j - 12. Let k be 4/(-8)*(z - -2 - 9). Calculate the greatest common divisor of 25 and k.
5
Suppose j = -i - 4, 2*j + 2*j = -2*i - 12. Let b(f) = -97*f + 4. Let m be b(j). What is the greatest common factor of m and 22?
22
Suppose -16 = -7*b + 3*b. Let f = -1821 - -1825. What is the highest common divisor of f and b?
4
Suppose 0 = -4*k + 3*a + 73, 5*k - 5*a + 8 = 98. Let n(b) = -b**3 + 14*b**2 + 22*b - 10. Let p be n(15). What is the highest common divisor of p and k?
19
Let s be 30/12*2/5*-35. Let x = -33 - s. Calculate the greatest common divisor of x and 4.
2
Suppose -b - 4*u + 0 + 5 = 0, -5*b + 25 = -u. Suppose 0 = b*q + 150 - 370. Calculate the highest common factor of q and 352.
44
Let r = 261 + -248. Calculate the greatest common divisor of 39 and r.
13
Let z be ((-3)/4)/(2/(-48)). Let b = -23 - -28. Suppose -b*j - 2*t + 630 = 0, t + 2*t = 3*j - 378. Calculate the greatest common divisor of j and z.
18
Let c be 1 - (8 - 4) - -22. What is the highest common divisor of 1273 and c?
19
Suppose -41*z + 37*z + 3*k + 506 = 0, 0 = 2*z + 4*k - 264. What is the highest common divisor of 88 and z?
8
Let x(i) = -3*i + 4. Let f be x(-6). Suppose -5*k + 546 = -c, -6*c = 4*k - c - 460. Calculate the greatest common factor of k and f.
22
Let m(z) = -2*z**3 - z**2 - 6*z - 3. Let u be m(-4). Let y = u - 93. Calculate the highest common factor of 16 and y.
8
Let l(i) = i**2 - 6*i + 6. Let g be l(7). Let o be ((-561)/(-22))/((-2)/12*-1). Suppose -36 + o = 3*u. What is the highest common divisor of u and g?
13
Let r = -759 - -871. Calculate the greatest common divisor of r and 616.
56
Suppose -20 = -32*o + 7660. What is the highest common factor of 132 and o?
12
Let p(v) = v**2 - 3*v - 3. Let u be p(4). Suppose 0 = -0*t - 6*t + 18. Let y(a) = a**2 - 4*a + 6. Let r be y(t). Calculate the highest common factor of r and u.
1
Suppose 4*u - 28 = -0*u. Let a(h) = 13*h - 2. Let f = 25 - 20. Let b be a(f). What is the highest common factor of b and u?
7
Suppose 0 = -2*y + 10, -37 = 2*u - 4*y - 267. What is the highest common factor of 50 and u?
25
Suppose -6*s = -440 - 2380. What is the greatest common divisor of 282 and s?
94
Suppose -h + 3*h + 46 = 4*a, 3*h = a - 14. Suppose c - 4*i = a, -2*i = i + 3. Let k be 29 - (-4 + 4 - -1). Calculate the highest common divisor of c and k.
7
Let m(d) = -2*d**3 - 7*d**2 - 24*d - 22. Let q be m(-2). Calculate the greatest common divisor of 224 and q.
14
Let k(y) = -2*y**3 - y**2 + y - 2. Let d be k(-2). Let w = -178 - -314. Let g = w - 80. Calculate the greatest common divisor of d and g.
8
Suppose 57*t - 104 = 53*t. Let k(c) = c**2 - 19*c + 77. Let s be k(t). Calculate the greatest common divisor of 37 and s.
37
Suppose -27 = 6*c - 15*c. Suppose c*m = 3*f + 84, 4*m + 0*f - 126 = -3*f. Calculate the highest common factor of m and 75.
15
Let t be 6/81 - (-6073)/27. Suppose 3 = m - 22. Calculate the greatest common factor of m and t.
25
Let n(k) = 6*k**2 - k. Let p be n(1). Suppose -p*z + 16 = -9. Calculate the greatest common divisor of z and 15.
5
Suppose -3*g + 1305 - 394 = -4*h, -6 = 3*h. Calculate the highest common divisor of 7 and g.
7
Let q be 0*((-28)/7 + 3 + 2). Let a(x) = -x**3 + 2*x**2 + 46. Let d be a(q). Calculate the greatest common divisor of 69 and d.
23
Let l = 15 + -21. Let u be (l - -3) + 1 - -8. Let g(v) = -v**2 - 4*v + 1. Let j be g(-3). Calculate the greatest common divisor of j and u.
2
Let p be 2 + 5 + 1*4. Let j be (-6)/(-3)*(-2)/(-4). What is the highest common factor of p and j?
1
Suppose 5*n = -2*m + 846, m = 5*n + 6*m - 855. Calculate the greatest common divisor of n and 120.
24
Suppose -11 = 4*h + 1. Let c(x) = -4*x**3 + 4*x**2. Let r be c(h). What is the highest common divisor of r and 16?
16
Suppose 114 = l + 30. Let p = l - -31. What is the highest common divisor of p and 23?
23
Let z be (6 - 2 - -9) + 51. Calculate the highest common divisor of z and 1.
1
Suppose 7130 = 5*i + 18*i. Calculate the greatest common factor of i and 20.
10
Let s(j) = j**3 + 34*j**2 + 115*j + 33. Let u be s(-30). What is the greatest common divisor of u and 244?
61
Suppose -3*w + 0 + 3 = 0. Let x = w + -1. Suppose -a + 5 + 0 = x. Calculate the highest common divisor of a and 55.
5
Let d be (-10)/(-3)*(4 - (-24)/(-15)). Let k be (d/12)/(1/6). What is the greatest common factor of k and 8?
4
Let x(d) = 62*d**2 - 3*d + 4. Let h be x(2). Let v = h - 141. What is the highest common divisor of 70 and v?
35
Let v(a) = -a + 2. Let h be v(-7). Let m(u) = u**2 - 9*u - 4. Let c be m(h). Let t be 33 + 12/c + 0. What is the greatest common divisor of t and 20?
10
Suppose -f + 232 = -0*w + 4*w, -2*w = -6. Calculate the greatest common factor of 165 and f.
55
Let c be ((-33)/15)/(5/(-25)). Let a = c - 10. Suppose a = 2*n - 3. Calculate the greatest common divisor of n and 2.
2
Let c(j) = 2*j**2 - 4*j - 10. Let u be c(7). Suppose -4*t = -3*f + 25, -3*f + u = t + 2*t. Let n = -225 - -390. What is the greatest common divisor of f and n?
15
Let w(r) = -r**2 + 5*r + 15. Let t be w(7). Suppose v - 6 - t = 2*j, 3*v - 28 = -j. Calculate the greatest common divisor of 1 and v.
1
Suppose 4*z - 400 = 4*b, -7*z + b = -5*z - 204. Let c = z - 101. Calculate the highest common divisor of 12 and c.
3
Suppose 2*o - 2 = o, 3*p = 3*o + 234. Let k = p - 53. Suppose -5*u = 2*l - 3 - 10, -u = 5*l + 2. Calculate the highest common factor of u and k.
3
Let h(j) = -j**2 + 2*j + 8. Let m be h(7). Let b = m - -21. Let p be b/(-42) - (-62)/7. What is the highest common divisor of 99 and p?
9
Let b be -12*((-2)/(-2))/(-2). Suppose -21*f + 26*f - 120 = 0. What is the highest common divisor of b and f?
6
Let u = 111 + -98. Calculate the greatest common factor of 169 and u.
13
Let h = 129 - -897. Calculate the highest common divisor of h and 114.
114
Suppose -420*f + 431*f - 11 = 0. Calculate the greatest common divisor of 16 and f.
1
Suppose 0 = 2*o + 62 - 86. Suppose 0 = 8*h - o*h + 160. Calculate the highest common factor of h and 8.
8
Let x = 17 - 19. Let c be 3*(40/12 + x). Suppose -c*w = -2*u + 120, -115 = 3*u - 5*u + 5*w. Calculate the highest common factor of 14 and u.
14
Let a be 285 + 162/36 + (-2)/(-4). What is the highest common divisor of a and 116?
58
Suppose 4*a - 3*m = 2, a + 5*m - 6 = 3*a. Let j be 138/24 - a/(-8). Calculate the greatest common divisor of 48 and j.
6
Suppose 22 = 3*g + 88. Let x = -18 + 7. Let u be (-400)/g + 2/x. What is the highest common factor of 198 and u?
18
Let m be -6 - (-4 - 10) - (2 + -3 + -3). Let y = 122 - -22. Calculate the highest common factor of m and y.
12
Let c(u) = -u + 35. Let f be ((-6)/4)/(2/(-32 + 0)). Let b be c(f). Calculate the highest common factor of 1 and b.
1
Let j be 4/(-3) - (-1069)/3. Let u = j + -201. Calculate the highest common divisor of u and 14.
14
Suppose 4*f + 42 = t + t, 0 = 4*t + 5*f - 110. Calculate the highest common divisor of 300 and t.
25
Let v(l) = l**3 + 18*l**2 + 12*l + 176. Let a be v(-11). What is the hi